 a(v) = -v**3 - 2*v**2 - 17*v - 15. What is a(-5)?
145
Let v(g) = -7*g - 22. Give v(-2).
-8
Let c(r) = 13*r**3 - 520*r**2 - r + 22. What is c(40)?
-18
Let w(v) = v**3 + 14*v**2 - 41*v + 3. Determine w(-17).
-167
Let z(j) = -j**2 - 36*j - 308. Give z(-16).
12
Let m(s) = -78*s + 46. Calculate m(2).
-110
Let n(m) = -2*m - 27. Give n(-40).
53
Let p(d) = d**2 + 129*d + 1813. Give p(-16).
5
Let x(a) = -a**2 - 69*a + 1772. What is x(-89)?
-8
Let z(m) = -34*m**3 - 5*m**2 + 6*m - 11. Calculate z(2).
-291
Let v(t) = -19*t + 196. Calculate v(5).
101
Let o(m) = 4*m**3 + 69*m**2 + 22*m + 90. Give o(-17).
5
Let t(j) = 3*j**3 + 74*j**2 + 43*j - 100. Determine t(-24).
20
Let m(b) = 104*b + 22354. Give m(-215).
-6
Let l(i) = 2*i**3 - 21*i**2 + 54*i - 34. Calculate l(7).
1
Let h(j) = -j**3 + 167*j**2 - 6376*j + 408. Give h(108).
-24
Let k(x) = 21*x + 476. Determine k(-20).
56
Let w(m) = 298*m - 2376. Determine w(8).
8
Let g(y) = y**3 - 5*y**2 - 15*y + 60. Calculate g(-7).
-423
Let z(x) = x**3 + 14*x**2 + x - 283. Calculate z(-12).
-7
Let r(g) = -2*g**2 - 21*g - 35. What is r(-15)?
-170
Let a(g) = 123*g**2 + 996*g - 35. Determine a(-8).
-131
Let d(z) = 9*z - 245. Calculate d(28).
7
Let c(t) = t**3 + 19*t**2 - 18*t + 385. Calculate c(-21).
-119
Let d(u) = 22*u - 189. What is d(10)?
31
Let q(n) = 4*n**3 - n**2 + 4*n + 4. What is q(2)?
40
Let m(k) = 119*k + 123. Give m(-1).
4
Let q(g) = -2*g**2 + 2*g - 20. Calculate q(8).
-132
Let i(p) = -65*p - 84. Give i(-6).
306
Let h(n) = -11*n + 599. Calculate h(82).
-303
Let k(o) = 11*o**2 - 1145*o + 112. What is k(104)?
8
Let m(y) = -2*y**3 + 74*y**2 - 203*y - 67. What is m(34)?
-33
Let x(h) = -3*h**2 - 49*h - 52. Determine x(-17).
-86
Let h(z) = z**2 - 34*z + 256. Calculate h(11).
3
Let u(d) = 34*d**2 - 11*d + 23. What is u(2)?
137
Let v(q) = 2*q**3 + 266*q**2 + 1109*q + 9934. Calculate v(-129).
1
Let k(y) = -14*y + 104. Determine k(9).
-22
Let r(l) = 40*l - 26. What is r(2)?
54
Let x(u) = u**3 + 31*u**2 - 120*u - 25. What is x(4)?
55
Let f(r) = r**2 - 541*r + 21857. What is f(44)?
-11
Let f(o) = -o**3 + 13*o**2 - 3*o - 24. Give f(6).
210
Let j(g) = -g**3 + 6*g**2 + 6*g + 29. Calculate j(7).
22
Let v(k) = -6*k**2 - k + 737. Give v(11).
0
Let w(c) = c**3 - 24*c**2 + 52*c + 3. What is w(21)?
-228
Let l(y) = -y**2 - 230*y + 231. Calculate l(1).
0
Let a(c) = 25*c**3 + 677*c**2 + 62*c + 210. Determine a(-27).
-6
Let r(x) = -277*x + 2735. Give r(10).
-35
Let v(s) = -s**3 - 5*s**2 - 108*s - 842. Give v(-7).
12
Let g(w) = -146*w + 1231. Calculate g(9).
-83
Let x(k) = k**2 - 27*k + 80. Calculate x(23).
-12
Let k(x) = 88*x + 2635. Determine k(-33).
-269
Let v(g) = g**3 - 5*g**2 - 157*g + 637. What is v(4)?
-7
Let u(m) = -m**2 + 44*m - 308. What is u(36)?
-20
Let j(l) = -l**3 - 20*l**2 - l - 97. Calculate j(-20).
-77
Let v(q) = 412*q - 346. Determine v(1).
66
Let a(v) = -339*v + 2640. Determine a(8).
-72
Let t(f) = -62*f - 392. Give t(-14).
476
Let g(q) = -14*q**2 + 64*q - 6. Calculate g(5).
-36
Let s(d) = -20*d**2 - 16*d + 1. Give s(-1).
-3
Let a(f) = 18*f - 292. What is a(12)?
-76
Let p(z) = -z**2 - 91*z - 724. Determine p(-82).
14
Let c(a) = -a**2 - 7*a + 10. What is c(3)?
-20
Let c(x) = x**3 - 10*x**2 + 7*x + 27. Give c(11).
225
Let w(x) = -x**3 - 35*x**2 - 291*x + 179. What is w(-20)?
-1
Let o(l) = l**3 - 8*l**2 + 27. Calculate o(9).
108
Let r(w) = -w - 30. What is r(-29)?
-1
Let s(w) = -w**3 + 15*w**2 - 54*w + 26. Give s(11).
-84
Let u(r) = r**3 - 26*r**2 + 168*r + 31. Determine u(14).
31
Let u(b) = -b**3 - 9*b**2 + 304*b + 2978. Give u(-10).
38
Let y(o) = -o**2 + 8*o - 40. What is y(6)?
-28
Let w(h) = -3369*h + 23585. Calculate w(7).
2
Let v(n) = 37*n**2 + 1002*n + 1001. Give v(-1).
36
Let b(w) = 17*w**2 - 228*w + 109. What is b(13)?
18
Let w(a) = a**3 - 15*a**2 - 6*a + 133. Determine w(14).
-147
Let w(q) = q**3 - 13*q**2 - 7*q - 25. Calculate w(13).
-116
Let b(s) = -4*s**3 - 17*s**2 - 56*s + 106. Calculate b(-4).
314
Let j(y) = -y**3 - 15*y**2 - 32*y - 78. Determine j(-13).
0
Let t(u) = -2*u**3 - 6*u**2 - 4*u + 3. Determine t(-7).
423
Let u(k) = 39*k**2 - 3393*k + 6. Calculate u(87).
6
Let x(f) = 2*f**2 - 30*f + 119. Give x(13).
67
Let z(x) = -2*x**3 + 6*x**2 - 5*x - 8. What is z(4)?
-60
Let a(d) = -454*d - 35893. What is a(-79)?
-27
Let v(g) = g**3 - 35*g**2 - 558*g + 21. Calculate v(-12).
-51
Let n(u) = u**3 + 49*u**2 + u + 106. What is n(-49)?
57
Let u(k) = 984*k + 25586. Calculate u(-26).
2
Let u(s) = -6*s**2 + 16*s + 36. Determine u(-3).
-66
Let j(c) = -7*c - 127. Determine j(-15).
-22
Let p(b) = -b**3 - 4*b**2 - 650*b - 3981. Calculate p(-6).
-9
Let s(l) = -84*l + 1853. Calculate s(19).
257
Let k(d) = -3*d**2 - 55*d - 229. What is k(-5)?
-29
Let b(u) = -53*u - 813. Give b(-16).
35
Let h(z) = z**3 - 30*z**2 + 222*z - 10. What is h(17)?
7
Let h(p) = 524*p - 20978. Calculate h(40).
-18
Let x(r) = -9710*r + 58263. What is x(6)?
3
Let c(k) = k**3 - 5*k**2 - 13*k - 6. Give c(-1).
1
Let c(a) = -39*a**2 - 11465*a + 299. Give c(-294).
5
Let v(y) = -2*y**2 - 65*y + 2338. Determine v(-54).
16
Let r(j) = -j**3 - 10*j**2 - 9*j - 60. Determine r(-8).
-116
Let p(d) = 7*d**3 + d**2 + d - 2. Calculate p(1).
7
Let u(i) = 568*i - 11354. Give u(20).
6
Let m(y) = -2*y**3 + 104*y**2 - 116*y + 710. Give m(51).
-4
Let f(d) = 14*d + 1138. What is f(-85)?
-52
Let u(b) = -b**3 - 70*b**2 + 1914*b + 256. Give u(-91).
-17
Let p(w) = -17*w - 927. Calculate p(-52).
-43
Let d(u) = -u**2 - 322*u + 2631. What is d(8)?
-9
Let u(i) = i**3 + 170*i**2 + 840*i + 2450. What is u(-165)?
-25
Let m(s) = s**3 + 22*s**2 + 129*s + 100. Determine m(-10).
10
Let z(k) = 5*k**2 - 65*k + 9. What is z(16)?
249
Let r(t) = -5*t**2 + 195*t - 51. Calculate r(39).
-51
Let r(f) = -20*f**3 - 212*f**2 + 91*f + 23. Calculate r(-11).
-10
Let l(a) = -10*a - 21. Give l(17).
-191
Let s(k) = k**2 + 21*k + 42. Determine s(-5).
-38
Let i(a) = -6*a**3 - 12*a + 12. Calculate i(-4).
444
Let t(a) = -a**2 - 108*a - 2164. Calculate t(-26).
-32
Let c(g) = 3*g**2 - 66*g + 289. Determine c(15).
-26
Let i(x) = -x**2 - 68*x - 792. Determine i(-53).
3
Let a(u) = -70*u**3 - 420*u**2 - 4*u - 17. Give a(-6).
7
Let d(q) = 105*q - 1770. What is d(16)?
-90
Let j(p) = -306*p + 3973. What is j(13)?
-5
Let i(z) = -z**2 - z + 29. Calculate i(-6).
-1
Let w(d) = -6*d - 379. Give w(-62).
-7
Let q(c) = -c**3 + c - 7. Determine q(-4).
53
Let i(o) = -o**3 + 6*o**2 + 9*o. Determine i(8).
-56
Let c(d) = d**3 - 18*d**2 + 52*d - 256. What is c(16)?
64
Let r(m) = -m**2 + 14*m - 40. What is r(16)?
-72
Let v(c) = -9*c**2 + 1352*c - 1643. What is v(149)?
-4
Let d(c) = -2*c**3 + 41*c**2 - 91*c + 45. Calculate d(18).
27
Let a(r) = -1327*r + 14633. What is a(11)?
36
Let c(d) = -d**3 + 6*d**2 + 13*d + 18. Give c(9).
-108
Let o(h) = h**2 + 3*h - 82. What is o(0)?
-82
Let s(q) = -q**3 - 14*q**2 - 75*q - 31. Determine s(-9).
239
Let i(w) = 47*w - 785. Calculate i(18).
61
Let t(x) = -3*x**2 - 38*x + 64. Determine t(-14).
8
Let m(g) = -1077*g + 16. What is m(0)?
16
Let f(k) = -k**3 + 3*k**2 + 44*k + 265. Determine f(-6).
325
Let s(b) = -b**3 - 4*b**2 + 24*b + 68. Determine s(-6).
-4
Let h(t) = -3*t**2 - t - 8. Determine h(3).
-38
Let x(h) = -h**3 + 8*h**2 + 37*h + 4. Determine x(-3).
-8
Let l(v) = 26*v - 150. What is l(5)?
-20
Let z(s) = s**2 + 25*s + 140. Determine z(-14).
-14
Let r(t) = -t**3 + 18*t**2 - 19*t + 14. Determine r(16).
222
Let m(t) = t**3 + 19*t**2 + 14*t - 70. What is m(-18)?
2
Let g(n) = 33*n + 107. Calculate g(5).
272
Let z(a) = -a**2 + 26*a + 137. Determine z(-6).
-55
Let d(f) = 5*f**2 + 61*f - 83. Calculate d(-14).
43
Let s(w) = w**3 - 15*w**2 - 14*w + 333. Determine s(14).
-59
Let v(g) = -3*g**2 + 36*g + 107. Determine v(-10).
-553
Let w(g) = -g**3 - 7*g**2 - 204*g - 1000. Give w(-5).
-30
Let t(d) = -d**3 + 8*d**2 - 11*d - 6. Determine t(5).
14
Let s(x) = 1198*x + 20369. Determine s(-17).
3
Let u(a) = 92*a - 1024. Give u(8).
-288
Let l(b) = 40*b - 108. Calculate l(7).
172
Let b(n) = n**3 + 36*n**2 - 48*n - 3957. Calculate b(-34).
-13
Let y(g) = -2*g**3 + 26*g**2 + 32*g + 18. Give y(14).
74
Let y(g) = g**3 - 8*g**2 + 20*g - 37. Calculate y(6).
11
Let t(z) = 1222*z - 9791. Give t(8).
-15
Let o(h) = 34*h - 203. What is o(15)?
307
Let b(q) = 323*q + 2903. Determine b(-9).
-4
Let q(i) = -2*i**2 + 222*i + 17. Det